 t(m) = 56*m + 2. Let d be t(-1). Let c = -25 - d. What is the units digit of c?
9
Let p be 2 - ((-6)/2 - -3). Let i(d) = -d - 9 - 3*d**2 + 0*d + 8 + 12*d**p. What is the tens digit of i(2)?
3
Let l(i) = -2*i**2 - 10*i - 8. Let j be l(-8). Let g = -16 - j. Suppose 5*u - 42 = 4*u + 5*f, 3*f + g = u. What is the tens digit of u?
3
Let u = 891 + -631. What is the tens digit of u?
6
Suppose 3*n + n + 2*d = 20, -3*n = -3*d - 15. Suppose n*q + v + 1 - 35 = 0, 0 = q + v - 10. Suppose 0*c = -c + q. What is the units digit of c?
6
Let u be 1*(4 + -7 - -3). Suppose -24 = -x - 2*d, u = 2*x - x + 5*d - 33. What is the tens digit of x?
1
Let p = 22 - 42. Let a = p - -22. What is the units digit of a?
2
Let a(m) = 264*m - 759. What is the hundreds digit of a(13)?
6
Suppose 0 = 4*r - 5*k, 2*r - k = -r + 11. Let l(m) be the second derivative of m**5/20 - m**4/3 - 5*m**3/6 + 2*m**2 + 9*m. What is the units digit of l(r)?
4
Let a be 4/(-34) + (-1104)/(-136). What is the units digit of (-11)/(0 - 2/a)?
4
Let s = 1512 - 1423. Let w = 0 + 2. Suppose -s = -w*h + 57. What is the units digit of h?
3
Let l be ((-6)/4)/((-3)/6). Suppose -j = -l*j + 88. Suppose -3*x = -x - j. What is the tens digit of x?
2
Let f(o) = 2*o - 2 - 1 + 0*o - 4. Let y be f(-8). Let z = 54 + y. What is the units digit of z?
1
Suppose -4*i = 5*y - 43, 5*i - 17 = -7. Let w = y - -5. Suppose 2*r + 3*d = r + 11, -w = 4*d. What is the units digit of r?
0
Suppose -50*g + 14846 = -37*g. What is the tens digit of g?
4
Let g = -169 - -210. What is the units digit of g?
1
Suppose -u = -0*u - 4*o + 26, o = -5*u - 25. Let d(q) = q**2 + 2*q + 14. What is the units digit of d(u)?
8
Suppose -2 = -a - 23. Let l = a + 84. What is the units digit of l?
3
Suppose 0*n + z = 5*n + 107, 3*z + 78 = -4*n. Let h = 6 - n. What is the tens digit of h?
2
Let d = 13 + -8. Let p be d/(-15) + 426/9. Let t = p + -17. What is the units digit of t?
0
Let o(k) = -51*k - 11. Let t = -51 + 48. What is the units digit of o(t)?
2
Suppose -6*q + q = 5. Let r be -2 - -5 - (-3)/q. Suppose -2*s + 6 = -r. What is the units digit of s?
3
What is the thousands digit of 29566/11 - (-28)/154?
2
Suppose -3073 = -3*o - 4*c, -5*c + 716 = -3*o + 3780. What is the hundreds digit of o?
0
Suppose -c - 16 = 3*c. Let l be -7*(16/14)/c. Suppose i - 108 = -l*i. What is the units digit of i?
6
Let m be -14*(-1)/((-14)/528). Let o = -365 - m. What is the hundreds digit of o?
1
Let l(p) be the third derivative of -p**6/20 - 7*p**5/60 - p**4/12 - 13*p**2. What is the units digit of l(-3)?
5
Suppose -2*n - 5*v - 50 - 48 = 0, -4*v - 55 = n. Let a = n + -42. Let j = 114 + a. What is the tens digit of j?
3
What is the thousands digit of -20*((-3661)/28 - 8)?
2
Suppose -12 = 4*n - 3*x - 40, 0 = -2*n + 5*x + 28. Suppose n*o + o - 25 = 0. Let a(r) = -r**3 + 7*r**2 - 5. What is the units digit of a(o)?
5
Suppose i - 5*t = 3062, 4*i + 15205 = 9*i - 4*t. What is the tens digit of i?
3
Let c(s) = -159*s - 4. Let o be c(-3). Suppose -4*z = -143 - o. Suppose n + 0*n = 4*l - z, 8 = 4*n. What is the tens digit of l?
3
Let g = 17 + -13. Let y(o) be the first derivative of -o**3/3 + 3*o**2/2 + 5*o + 1. What is the units digit of y(g)?
1
Suppose -5*y + 653 + 651 = -3*x, 512 = 2*y + 2*x. What is the units digit of y?
9
Suppose -33 = 3*j + 3*i, -2*i + 4 = -2*j - 6. Let k be 12/j*2/(-1). Suppose -t - 149 = -6*t - 3*z, k*z = 5*t - 161. What is the tens digit of t?
3
Let z be (-25)/(-5)*46/2. Let k = z + -169. Let i = 75 + k. What is the tens digit of i?
2
Let t(a) = -14*a + 32. What is the tens digit of t(-5)?
0
Suppose -w - f + 776 = 0, -14*w + 5*f - 1552 = -16*w. What is the hundreds digit of w?
7
What is the tens digit of 6 - 12 - 482/(-1)?
7
What is the tens digit of (-10552)/(-24) + -1 + (-4)/(-3)?
4
Suppose -53 + 0 = m. Let z = 28 + m. Let v = 2 - z. What is the tens digit of v?
2
Let t(j) = -10*j**2 + j - 1. Let n be t(1). Let u = n + -2. Let f = 7 - u. What is the tens digit of f?
1
Let g be 514/5*-2*25/(-20). Suppose -k = 2*j - 43, -5*k + 5*j - j + g = 0. What is the units digit of k?
9
Suppose 158 = 2*k - 5*g + 22, -3*k = g - 238. What is the units digit of k?
8
Let c(l) = l**3 + 11*l**2 + 15*l + 8. What is the tens digit of c(-8)?
8
Let l(a) = -a**3 - 7*a**2 - 15*a + 50. What is the units digit of l(-16)?
4
Suppose 0 = -4*i + 5200 - 160. What is the tens digit of i?
6
Let t(l) = 7*l**3 + 2*l**2 - 8*l + 23. What is the hundreds digit of t(6)?
5
Let k(l) = -l**3 + 3*l**2 + 4*l + 2. Let n be k(4). Suppose -3*d + 12 = -7*d + p, 2*d = n*p. What is the tens digit of (-2)/8 + (-165)/d?
4
Let s(o) = -o**3 - 18*o**2 - 20*o - 21. Let p be s(-17). What is the tens digit of 1842/p - 6/15?
6
Suppose 0 = 4*h + 5*k - 10, 3*h + 2*h + 2 = k. Suppose -3*t + 6*t + 9 = h. What is the units digit of 56 + (-9)/t*-1?
3
Suppose -490 - 2384 = -6*w. What is the tens digit of w?
7
Let i = -45 - -55. Suppose -5*k + 51 = 4*l - i, l - k = 4. What is the units digit of l?
9
Let h(i) be the third derivative of -i**6/120 + 61*i**3/6 + 4*i**2. Let t be h(0). Suppose 0 = 4*m - t - 75. What is the units digit of m?
4
Suppose 4*s + 33 = -q, -3*q = -0*q + s + 66. What is the hundreds digit of ((-119)/q)/((-2)/72*-2)?
1
Suppose -27*y + 21*y = -2010. What is the units digit of y?
5
Let d = -77 + 187. Suppose -d = -5*a + 3*b, -2*a = -0*a - 3*b - 44. What is the tens digit of a?
2
Let w be -4 - (-4 - -1) - -6. Suppose -2*y - w*c + 215 = -0*y, -2*y = 4*c - 210. What is the tens digit of y?
9
Let x(f) = -104*f - 36. What is the units digit of x(-4)?
0
Let i(o) = -9*o**3 + 12*o**2 - 2*o + 7. Let y(w) = 8*w**3 - 11*w**2 + 2*w - 6. Let n(x) = 6*i(x) + 7*y(x). What is the units digit of n(5)?
5
What is the thousands digit of 1705 - (7 - (-6 + 2))?
1
Suppose -2*i - p = -4*p - 23, 0 = 3*i + 2*p - 28. What is the units digit of 2452/20 + 4/i?
3
Let c(p) = -14*p**2 + 6*p - 5. Let n(q) = q**2 - q + 1. Let x(b) = -c(b) - 3*n(b). What is the tens digit of x(2)?
4
Let f = 4567 - 1112. What is the units digit of f?
5
Let g(x) = -2*x - 3. Let n be g(-2). What is the units digit of (7/((-28)/(-10)))/(n/30)?
5
Suppose -3*c + 3*u + 1110 = -0*u, -3*c = 5*u - 1086. What is the hundreds digit of c?
3
Let h = -372 - -1949. What is the hundreds digit of h?
5
Suppose 5*w + h = 2852, 5*w - 25*h = -21*h + 2842. What is the tens digit of w?
7
Let s(q) be the second derivative of -q**4/24 - 2*q**3/3 + 5*q**2/2 + 8*q. Let l(i) be the first derivative of s(i). What is the units digit of l(-8)?
4
Let o(k) = 86*k**3 - k. Let p be o(1). Let b = p - 48. What is the tens digit of b?
3
Let y = 362 - 235. Let f = -36 + y. What is the tens digit of f?
9
Suppose -2*p + 21 = -13. Let m = p - -10. What is the tens digit of m?
2
Let l = -800 - -1833. What is the units digit of l?
3
Suppose -3*u = -u - 16. Suppose -3*c = -2*z - u*c + 21, -3*z - 4*c + 21 = 0. Suppose 3*r + z = 51. What is the units digit of r?
6
Suppose -11*b - 12*b = -28451. What is the tens digit of b?
3
Let q = 58 + -186. Let a = q + 214. What is the units digit of a?
6
Suppose -5*n + 9*n - 20 = 0. Let i(k) = k - 1 + 0 + 1 - 3. What is the units digit of i(n)?
2
Suppose 3*p + 6 = 3*k - 18, 5*k - p - 40 = 0. What is the units digit of k*28/(-8)*-2?
6
Let h(x) = 11*x + 4. Let o be h(21). Let s = o - 139. What is the tens digit of s?
9
Suppose -2*o - o - 2*l = -18648, 2*o + l - 12431 = 0. What is the hundreds digit of o?
2
Suppose 21 + 49 = 14*m. What is the units digit of (-1 - m)*(-14 - -6)?
8
Let c = -557 + 2904. What is the units digit of c?
7
Let u(o) = 248*o + 97. What is the tens digit of u(4)?
8
Suppose 4*t - 4*h = 428, -3*h - 101 = -4*t + 327. Let m = t - 39. What is the tens digit of m?
6
Let w = -38 + 39. What is the tens digit of (-99)/(-132) + (w - 45/(-4))?
1
Suppose -y - 582 = -7*y. Suppose -2*x = -h - y, h = -4*x + x + 133. What is the units digit of x?
6
Suppose -251 + 58 = 4*v - 5*b, 0 = 5*v - b + 215. Let d = v - -82. What is the tens digit of d?
4
Let p(v) be the third derivative of 1/60*v**5 + 0*v - 5/3*v**3 - 1/6*v**4 + 0 - 6*v**2. What is the tens digit of p(8)?
2
Suppose -1290 = -17*l + 1158. What is the tens digit of l?
4
Let n(c) = 5*c + 2*c + 11 - 5*c. Let i be n(-7). Let q(d) = -d**3 - d**2 + 5*d + 7. What is the units digit of q(i)?
0
Suppose -4*c + 5